x + 9*x + 205 = 0, -4*r + 185 = 3*x. What is the units digit of r?
4
Let l(x) = x**2 - 6*x. What is the tens digit of l(-3)?
2
Suppose -9 = -5*o + 1. Suppose -4*r + 5*s + 52 = 0, r - o*s = -s + 14. What is the tens digit of r?
1
Suppose 0 = -0*z + 3*z + 18. Let b(q) = -2*q + 5. Let v be b(z). Suppose 2*r - 40 = -a - v, a + 47 = 3*r. What is the tens digit of r?
1
Let u = -4 + 7. Suppose -2 = u*j + 1, -5 = -3*p + 2*j. What is the units digit of p?
1
Let k(u) = -u**3 + 4*u**2 - 2*u. Let l be k(2). Suppose l*h + 96 = 8*h. What is the units digit of h?
4
Let d(u) = -u**3 + 4*u**2 + 2. Let s be d(2). Let f = -6 + s. What is the units digit of f?
4
Suppose 2*i - 27 = -5*d + 3*i, 2*i = -4*d + 30. Suppose 0 - d = -2*w. Suppose -2*s + w*s - 3 = 0, -2*s + 11 = z. What is the units digit of z?
5
Suppose 23 = -5*m - 22. Let p be -6*(-3)/m*-10. Suppose p = 5*o - 0, 4*v - 4 = 4*o. What is the units digit of v?
5
Let k = 11 + -6. Let l(n) = -3*n - 9. Let p be l(-6). Suppose s = -t + 5, p = -s + k*t + 38. What is the units digit of s?
9
Suppose 2*r + r - 27 = 0. Suppose -4*w = -r*w + 60. What is the tens digit of w?
1
Let l(z) = z**3 - z**2 - 7*z - 1. Let n be l(5). Let w = n + -43. What is the tens digit of w?
2
Suppose 18 - 6 = 3*j. Suppose k = 2*q - 2, -j*k + 9*k - 32 = -4*q. What is the units digit of (1/q)/((-10)/(-570))?
9
What is the units digit of -4 + (0 - 1 - -133)?
8
Let o(z) = -z**3 - 7*z**2 - 11*z - 9. What is the units digit of o(-6)?
1
Suppose -7*f + 12*f - 335 = 0. What is the units digit of f?
7
Let v(c) = c - 5. Let i be v(5). Suppose -p + w + 0*w + 5 = i, -2*p = 3*w + 5. Suppose -o = 4*s - 33, -4*s = -p*o - 9*s + 51. What is the units digit of o?
3
What is the tens digit of (-21)/(-2) - 6/(-12)?
1
Suppose 16 = 3*k - 11. Let z = 10 + k. What is the tens digit of z?
1
Let c(r) = 5*r + 2. Let v be c(2). Suppose y = -3*y + v. What is the units digit of y?
3
Let x(u) = 5*u**2 - 2*u - 3. Let b be x(-3). What is the units digit of b*(-3 - (-22)/6)?
2
Suppose -3*a - a = -100. Suppose -a = -3*z - 5*b - 4, z + 2*b = 6. What is the tens digit of z?
1
Let b(d) = -d**3 - 5*d**2 - 5*d - 5. Let f be b(-4). Let k be (f - 4/(-2)) + -1. Suppose k*v - 35 = -5*v. What is the units digit of v?
7
Suppose 0*r = 3*r - 5*p - 132, 4*p + 90 = 2*r. Let t = -58 + r. Let z = t + 31. What is the tens digit of z?
1
Let p = -57 - 59. Let s be (2 - 1)/((-4)/p). Suppose h = 4*z - s, -4*z + h + 19 = 2*h. What is the units digit of z?
6
Let d = -6 - -10. Suppose -38 = 2*l - d*l. What is the tens digit of l?
1
Let j(v) = v**3 + 11*v**2 + 9*v + 4. What is the units digit of j(-9)?
5
Suppose 4*p - 9 + 1 = 0. Let t be ((-2)/(-4))/(p/164). What is the tens digit of 7/21 - t/(-3)?
1
Suppose -3*k - 93 + 291 = 0. What is the units digit of k?
6
Let h(g) = -g**2 - 7*g + 6. Let k be h(-6). Suppose 4*q - 78 + 19 = -5*o, 3*q = -k. Suppose -x = -4*x + o. What is the units digit of x?
5
Let a be 10/(3/(-3)*2). What is the tens digit of 33*((-5)/3)/a?
1
What is the hundreds digit of 149 + -1 - (-6 - -3)?
1
Let l = 24 + -48. What is the units digit of ((-6)/l)/((-1)/(-4))?
1
Let b(j) = j**3 - 4*j**2 + 4. Let s(y) = 2*y**3 - 9*y**2 + 9. Let p(m) = -11*b(m) + 6*s(m). What is the tens digit of p(10)?
1
Let t be 2/1 + (3 - 2). What is the units digit of ((-3)/(-9))/(t/135)?
5
Let y(p) = p**3 - 3*p**2 - 2*p. Let z be y(3). What is the units digit of z/(-3 + 1) + -2?
1
Let x(r) = -6*r**3 + 3*r**2 + 3*r - 7. What is the units digit of x(-3)?
3
Let z(j) = 6*j - 3. Let i be z(5). What is the tens digit of (i - 0)*1 - -3?
3
Suppose 5*p = 12 + 28. What is the units digit of p?
8
Suppose 0 = 2*x + 3*t - 18, 0 = 4*t + 16. Suppose -4*q = q - x. Suppose -2*d + 45 = q*d. What is the units digit of d?
9
What is the units digit of (-1)/((-2)/798) + 5?
4
Suppose -c = c + 5*p - 18, 5*c + 3*p = 45. What is the units digit of c?
9
What is the units digit of 150/(-45)*(-33)/2?
5
Let q(l) = 4*l + 3. What is the tens digit of q(7)?
3
Let g be 2*4 - (2 + -2). Suppose 5*z - 19 = -4*t, 5*t = t + 4*z - g. What is the units digit of t*7 + 3 + -2?
8
Suppose 0 = -4*t + 8, 0 = 3*i + 2*i - t + 47. Let u(o) = o**2 + 10*o + 3. Let c be u(i). What is the tens digit of 15 + 4/(8/c)?
1
Suppose 3*c = 127 + 83. Let j = c - 47. What is the units digit of j?
3
Let a(v) = -2*v**3 - 3*v - 2. Let u be a(3). Let z = u + 43. What is the units digit of z/(-4) + (-5)/10?
5
Suppose 14 = 3*a - 25. Let q be 1/3 - a/3. What is the units digit of (-4)/3*6/q?
2
Suppose 4*l - 12 = -0. Suppose l*m + 0*m = 48. What is the tens digit of m?
1
Let q be 24/20*(-10)/(-3). Let d(r) = -r**2 + 5*r - 2. Let f be d(q). What is the units digit of f - -1 - (-1)/1?
4
Let p(x) = 1 + 0 + x**2 - 13*x + 18*x. Let t(y) = y**2 + 7*y + 5. Let a be t(-5). What is the units digit of p(a)?
1
Let y(c) = -9*c - 36. What is the tens digit of y(-26)?
9
Suppose -2*i = 5*o + 26 - 10, -4*o - 8 = 0. Let c(m) = -m + 5. What is the units digit of c(i)?
8
Let s = 6 - 2. Suppose s*c = -3*k + 29, -k + c = 2 - 0. What is the units digit of k?
3
Suppose 2 + 18 = 5*r + 5*j, 3*j = 3*r - 18. Suppose -3*k + 7 = r*d - 0*k, -d + 7 = -5*k. What is the units digit of d?
2
Let j(t) be the third derivative of t**5/60 + 5*t**4/24 - 7*t**3/6 + 4*t**2. Let k be j(-6). Let b = k - -15. What is the tens digit of b?
1
Let q = 49 - 12. Suppose 3 = 3*d, 3*j - q = -0*j + 5*d. What is the units digit of j?
4
Let t = -8 - 6. Suppose 2*f = 4*h + f - 87, -3*h - f + 60 = 0. Let c = h + t. What is the units digit of c?
7
Suppose -7 = -0*c + 2*c + 3*y, 0 = -3*y - 15. Let g(u) = -12 - u - c*u**2 + 5*u**2 + 7*u. What is the units digit of g(-9)?
5
Suppose -3*u - 3*u + 30 = 0. What is the units digit of u?
5
What is the units digit of -2 + 2 + 27 + 3?
0
Let a(k) = 15*k - 3. Let f be a(2). Suppose j - f = 13. What is the units digit of j?
0
Suppose -5*p + 89 = -261. What is the tens digit of p?
7
Suppose -1 + 2 = -m + 4*a, -5*m - 2*a = 27. Let n be (4/10)/(m/(-75)). Suppose 3*f - n = -3. What is the units digit of f?
1
Let h(u) = u**3 + 10*u**2 - 12*u - 11. Let g be h(-11). Suppose j - 28 + 3 = g. What is the units digit of j?
5
Suppose -3*m + 2*l + 3*l + 8 = 0, 2*m - 5*l - 12 = 0. Let k(f) = -2*f**3 - 6*f**2 - f - 3. Let a be k(m). What is the units digit of (-70)/(-22) - 6/a?
3
Let t(l) = 1 - 43*l**2 - 7 + 2*l + 44*l**2. What is the tens digit of t(-6)?
1
Let s(n) = -n**3 + 8*n**2 + 3*n - 9. Let u be s(8). Let m = -5 + u. What is the units digit of m?
0
Let r(d) = -2*d**3 - 2*d**2 - d + 1. Let x be r(-2). Let w = x + -8. Suppose 5 = 4*f - w*f. What is the units digit of f?
5
Suppose -4 = 4*m - 20. Suppose 3*o = m*b + 61, 4*b + 6 = 2. Let r = o - 12. What is the units digit of r?
7
What is the hundreds digit of (-1 + -41)/(4/(-16))?
1
Let i = -3 + -1. Let g = i - -4. What is the units digit of (-3)/(-1) - g/(-2)?
3
Let u(x) = x - 9. What is the units digit of u(12)?
3
Suppose 2*m + 1 = 3*n + 3, m - 1 = -4*n. Suppose a - 30 = 5*c + 51, n = -a - 4. What is the units digit of -2 - (-2 + c + -2)?
9
Suppose -d + 4*y + 3 + 3 = 0, 5*y + 30 = 5*d. Let b be (-40)/(-12)*d/4. Suppose -b*j + 0*j + 20 = 0. What is the units digit of j?
4
Let f(g) = g**2 - 11*g - 37. What is the units digit of f(15)?
3
Let f be (-6)/(-10) - 34/(-10). Suppose f*l = -27 + 87. What is the tens digit of l?
1
Suppose 2*l - 3 - 3 = 0. Let h(i) = -5*i**3 - i**l + 5*i**2 + 5*i**3 + i**2 - 7*i + 6. What is the units digit of h(4)?
0
Suppose 0 = -0*l - l + 3. Suppose 6 + 9 = l*b. Let j = b + -4. What is the units digit of j?
1
What is the units digit of (-3912)/(-264) - 2/(-11)?
5
Let r be (-1)/6 - 482/(-12). Let p = r + -24. What is the units digit of (-1 - 6/(-4))*p?
8
What is the tens digit of (180/(-54))/((0 + -1)/45)?
5
Let h = 2 + -6. Let m = 9 - 15. Let l = h - m. What is the units digit of l?
2
Let g = 226 + -98. What is the units digit of g?
8
Let o(j) = -4*j + 2. Let y(p) = -5*p + 2. Let l(r) = 4*o(r) - 3*y(r). What is the units digit of l(-2)?
4
Let x(q) = q - 2. Suppose 0 = -0*f + 4*f - 28. What is the units digit of x(f)?
5
Suppose 94 = -0*g + 2*g. What is the tens digit of g?
4
Let q(l) = l**3 - 6*l**2 + 9*l + 1. What is the hundreds digit of q(7)?
1
Suppose 1 = 2*m - 3. Let n be (m + 4)/((-6)/4). Let j(b) = b + 9. What is the units digi